0
Let c(t) = 14 + 11 - 6 + 16 + t. Let l(m) = m + 34. Let x(j) = 2*c(j) - 3*l(j). Give x(0).
-32
Let s(k) = -2*k**2 + 5*k + 1. Let v be (10/(-10))/((-18)/108). Give s(v).
-41
Suppose 26 = -m + 2*i, -m - 29 - 11 = -4*i. Let r(v) = v**2 + 12*v - 12. Determine r(m).
-12
Let l(m) = -23*m**2 - m - 4. Let u(j) = -4*j**2 + 73*j + 142. Let p be u(20). Determine l(p).
-98
Let m = 419/13470 - -1/449. Let k(q) be the third derivative of 1/6*q**3 + 16*q**2 + 0 + 0*q + 0*q**4 + 7/120*q**6 - m*q**5. Determine k(-1).
-8
Let s(q) be the second derivative of 9*q - 3 + 2*q**2 - 1/3*q**3. Calculate s(0).
4
Let i(z) = 19*z + 4954*z**3 + 4*z + 16 - 4955*z**3 + 11*z**2. What is i(13)?
-23
Let p(c) = 181*c + 160418 - 188*c + 2*c**2 - 160408. Suppose -17 = -4*w - l, 2*w + 5*l + 5 + 0 = 0. Calculate p(w).
25
Let j(f) be the third derivative of -f**4/24 - f**3/6 - 5*f**2. Suppose -2*o + 11 - 13 = 3*w, -2*w + 2 = 2*o. Give j(w).
3
Let i be (-2)/4 - (-15)/6. Let t(u) be the third derivative of 2 + 8*u**2 + 0*u**3 + 1/6*u**4 + 0*u. Give t(i).
8
Let k(j) = j**3 + 213*j**2 - 12*j - 742*j**2 + 531*j**2 + 1. Calculate k(-4).
17
Let t be (-176)/(-30) - (38 - (-17732)/(-465)). Let m(d) = 2*d**2 + 9*d + 4. Let b(j) = -5*j**2 - 19*j - 9. Let o(c) = 3*b(c) + 7*m(c). What is o(t)?
1
Suppose -3*k = -2*k + 5, 5*z - 80 = -3*k. Suppose z = -2*v + 15. Let w(f) be the second derivative of f**5/10 + f**4/6 + f**3/3 + f**2 + 2*f. Calculate w(v).
-10
Suppose -38*j + 2996 = -10*j. Let s = j + -104. Let h(z) = -7*z + 3. Determine h(s).
-18
Let d(c) be the second derivative of -2*c + 1/2*c**3 + 0 - 3/2*c**2. Suppose -12 = 12*s - 9*s. Give d(s).
-15
Let o(z) = -z**2 - 7*z + 12. Let l be o(-8). Suppose p + 26 = -2*p + 4*v, v - 26 = l*p. Let j(u) = u + 0*u + u**3 + 6*u**2 - 4 + 0*u**2. Give j(p).
-10
Let y(o) = -242*o + 107*o + 134*o - 26. Give y(-25).
-1
Let m(q) be the second derivative of 0*q**3 - 2*q + 1/20*q**5 - q**2 + 28 + 0*q**4. Determine m(2).
6
Let z = 9044 - 9042. Let p(a) be the first derivative of -27 - a + a**z + 1/3*a**3. What is p(-5)?
14
Let f(q) = -q**2 - 12*q - 22. Let g(k) = -k**2 + 7*k + 530. Let s be g(27). Determine f(s).
-2
Let a(w) = -7*w**3 + 11*w**2 - w - 66. Let g(d) = 6*d**3 - 11*d**2 + 3*d + 51. Let m(x) = -5*a(x) - 6*g(x). Determine m(10).
-6
Let h(q) = q**3 + 5*q**2 + 7*q. Let g(m) = 14*m**3 - 5*m**3 + 2 - 7*m**3 + 5*m**2 + 7*m. Let x(c) = -2*g(c) + 3*h(c). Give x(6).
2
Let t = 110 - 63. Let l = t + -38. Suppose 3*q - 5*v + 20 = 0, -4*v + l = -5*q + 4*q. Let c(j) = -j**3 - 4*j**2 + 3*j + 2. What is c(q)?
12
Let i(b) = -15*b + 7. Let g be 26/(-8)*(1 - 3)*8/26. Calculate i(g).
-23
Let a(f) = -12*f - 1156 - 15*f + 586 + 587. Determine a(5).
-118
Let l(y) = 95*y**2 + 4*y + 6. Let i(u) = -16*u**2. Let x(w) = 6*i(w) + l(w). Calculate x(6).
-6
Let t(l) = -l**3 + l**2 + l + 1. Let y(f) = -5*f**3 + 11*f**2 + 7*f + 2. Let i(v) = -6*t(v) + y(v). Let r = 35 + -22. Suppose -d - 42 = r*d. Calculate i(d).
11
Let a = 26 + -24. Let w(t) = -2*t - 32*t**a + 3*t + 0*t + 47*t**2. Give w(-1).
14
Let l(q) = -5165*q + 87 + 10328*q - 5153*q. Give l(-8).
7
Let u(d) = 924 + 647*d - 974 - 648*d. Give u(-8).
-42
Let b(l) = l**3 + 5*l**2 + 2*l. Let p(x) = 2*x**2 + 4*x + 8. Let j be p(-2). Suppose -2*n + j = 4. Let v be (n/(-2 - 0))/((-57)/(-285)). Give b(v).
-10
Let z(l) = l**3 + 5*l**2 - l + 0*l**2 + 1 + 0 + 2. Let w be 40/50 + 28/(-10). Let d be 10*((-1 - w) + (-3)/2). Calculate z(d).
8
Suppose 3*d - 68 - 49 = 0. Suppose 0 = 8*q - 5*q - d. Let v(p) = 5*p + 6*p - q*p. Calculate v(-1).
2
Let m(v) = v**2 + 12*v - 158. Let k be m(8). Let p(t) be the first derivative of 2/3*t**3 - 7 + 3*t - 4*t**k. What is p(5)?
13
Let i = 630 - 648. Let a(t) = t**2 + 20*t - 9. What is a(i)?
-45
Let g(w) be the first derivative of w**3/3 - 3*w**2/2 - 23*w - 2731. Give g(0).
-23
Let z(i) = i**2 + 13 - 1065366*i + 0*i**2 + 1065375*i. Give z(-10).
23
Let f(y) = y**3 - 7*y**2 - 4. Let d be f(7). Suppose -14*c + 6050 = 41*c. Let s(x) = 7*x**3 - c - 3*x - 8*x**3 + 104 - 4*x**2. Give s(d).
6
Let t be (-68)/1530 - 1088/(-180). Let f(v) = -7*v**2 + 0*v**2 + 0*v + 8*v + v**3 - 5. Give f(t).
7
Let x(w) = -9*w**2 + 8*w + 27. Let n(i) = 11*i**2 - 8*i - 29. Let a(h) = 5*n(h) + 6*x(h). What is a(-2)?
5
Let m(k) = -k**3 + 4*k**2 + 4*k - 10. Suppose 0 = 22*z - 6*z. Let q be 8 + (-4)/1 + z/6. Calculate m(q).
6
Let d(j) = 5972 + 24*j**2 - 4*j**3 - 22*j + 2*j**3 + 5970 - 17907 + 5967. What is d(11)?
2
Let r(z) = z**3 + 7*z**2 + 2. Let j be ((-28)/8)/(4 + 21/(-6)). Let x be r(j). Let k(g) = -3*g**2 + 4*g - 2. Calculate k(x).
-6
Let i(b) = b - 6*b - b**2 - 11 + 2*b**2 + 17. Let t = -9790 - -9794. What is i(t)?
2
Let i(n) = n + n - 1 - 1. Suppose y - 146 = -57. Let r = y + -86. Calculate i(r).
4
Let z(w) = w**2 - 7*w + 6. Let g = -21 + 6. Let m be (-584)/58 + (-24)/(-348). Let j = m - g. Determine z(j).
-4
Let c = 230 + -227. Let x(k) = 0*k - k**c - 232*k**2 - 2*k + 235*k**2. What is x(3)?
-6
Let p be (-3957)/15 - -4*5/(-100). Let y = 263 + p. Let l(t) = -5*t**3 + 1. Determine l(y).
6
Let o(s) = 11*s**3 + 2*s**2 - 2*s - 1. Let f(i) = 8*i - i**2 - i - 4*i**2 - 2*i + 3 - 33*i**3. Let b(y) = 3*f(y) + 8*o(y). Suppose -u + 2 = u. Give b(u).
-10
Suppose l + 5 = 3*l + x, 0 = 3*l - 3*x - 12. Let b(q) = -8*q**3 + 3*q + 76*q**2 - 74*q**2 + 9*q**l. Determine b(-3).
-18
Let v(r) = -r + 7. Let y = -69 - -70. Suppose c - 5 = 0, -c + 4 + y = -5*l. Suppose -6*g - 10 + 46 = l. Determine v(g).
1
Let b(r) = r**3 + 15*r**2 + 24*r - 26. Let i be b(-13). Let a(v) = v**2 + 53. Determine a(i).
53
Let l(m) = 4 - 2 - 5*m**2 - 3 - 2*m**2 + 5*m**2. Let y = -25 + 23. Determine l(y).
-9
Let i(m) = -2*m - 5. Let p(k) = -35*k + 85. Let l(q) = -6*i(q) + p(q). What is l(5)?
0
Suppose 3*h = b + 2 - 26, -4*h + 18 = 7*b. Let t(i) = -4*i**2 + 11*i + 21. What is t(b)?
-57
Let t(l) be the third derivative of l**6/120 + 3*l**5/10 + 4*l**4/3 + 13*l**3/2 + 374*l**2 - 1. Give t(-16).
39
Suppose 5*p = 15, 4*b + 21 = 7*b + 5*p. Let g(r) be the second derivative of 0 + 5/2*r**b - 1/6*r**3 + 20*r. Calculate g(4).
1
Let o(x) = 10098 + 2*x**3 - x**3 + 2*x - 20219 - 21*x**2 + 10105. Determine o(21).
26
Let s = -27431 + 82294/3. Let p(f) be the first derivative of 36 - 2*f**2 - 2*f + s*f**3. Give p(3).
-5
Let m(s) = s. Let h be (16 + -2 + 1)*-3. Let n be (8/(16/(-3)) - 24)*-2. Let g = h + n. Give m(g).
6
Let v(f) = -7*f**2 - 7*f**3 + 2*f**3 + 4*f**3 - 2 - 23*f + 17*f. Let t be (-96)/15 + 4/10. What is v(t)?
-2
Let s be 180/216 - 237/(-18). Let r(y) = 2*y**2 - 26*y + 9. Calculate r(s).
37
Suppose 2*y = -y + 9. Let j(f) = f**2 + f**2 + y + 2*f**3 + 3*f - f**3. Let w = -240 - -238. What is j(w)?
-3
Let k(b) = -32 - b**2 - b + 132 - 69. Give k(4).
11
Let y(q) = -q**2 - 33*q - 245. Let h be y(-12). Let l(t) = 3*t**2 - 16*t - 23. What is l(h)?
12
Let p(g) be the second derivative of g**4/12 - 4*g**3/3 - 5*g**2/2 - 2*g - 44. Let r = -15 + 18. Let h be 0*r*(-2)/(-12) - -7. Determine p(h).
-12
Let l(s) = s**2 - 2*s - 1. Let f = 7320 + -7315. Give l(f).
14
Let p be -6 - (8/(-6) + (-247)/(-57)). Let i(b) = -34*b + b**2 + 4 - 10 + 44*b. Calculate i(p).
-15
Let m(r) be the third derivative of r**5/60 - r**4/6 + r**3 + r**2. Suppose -9*q = 3*w - 13*q - 28, 20 = w - 4*q. Calculate m(w).
6
Let n be (-605)/30 - 3/(-18). Let v be 147/15 - (-2)/n*-2. Let i(t) = -v - 16 - 3*t + 17. Give i(-6).
9
Let i = -14277 - -14283. Let v(c) = 2*c**2 - c + 5. Calculate v(i).
71
Let a be 1/((10/2)/(-5)). Let y(f) = 1. Let j(r) = -r**2 - 2*r. Let u(z) = a*j(z) - 3*y(z). Let q be -8 - (-1 + -4 - 0). What is u(q)?
0
Let q(z) = -z - 4. Suppose 0 = -7*x - 16*x + 368. Let a = -63 - -72. Suppose -o - x = -a*o. What is q(o)?
-6
Suppose -7 = 7*l - 133. Suppose 225*o = 228*o - l. Let j(p) = -p**3 + 6*p**2 - 3*p + 9. Calculate j(o).
-9
Let o(d) = -d - 5. Let m be (0/10)/(1/(-1)). Suppose -4*i = u - 0*u, m = -4*u + i + 17. Suppose u*n = -4*w - 32, -3*n - 7 - 5 = -w. What is o(w)?
-2
Let w(v) = 3*v**2 + 16*v + 45. Let s(o) = 8*o**2 + 31*o + 90. Let i(p) = 2*s(p) - 5*w(p). Let g be i(20). Let f(n) = 2*n**2 + 6*n + 1. Calculate f(g).
21
Let c(y) = -y**3 - 4*y**2 + 14*y + 6. Let k be c(-6). Suppose o + v = -o + 1, 2*v = 5*o - 25. Let m(h) = 6 - o*h + 5*h + h**2 + 6*h. Calculate m(k).
-6
Let j be 4*(-10)/120*(1 - 16). Suppose d = j